{"id":3,"date":"2022-12-15T07:13:38","date_gmt":"2022-12-15T06:13:38","guid":{"rendered":"http:\/\/dsidigit.fr\/?page_id=3"},"modified":"2023-04-28T11:36:20","modified_gmt":"2023-04-28T09:36:20","slug":"politique-de-confidentialite","status":"publish","type":"page","link":"https:\/\/dsidigit.fr\/index.php\/politique-de-confidentialite\/","title":{"rendered":"Mentions l\u00e9gales"},"content":{"rendered":"\n<h2 class=\"wp-block-heading\"><strong>EDITEUR<\/strong><\/h2>\n\n\n\n<p>DSI &amp; Digit<br>67 A rue principale<br>67150 DAUBENSAND<\/p>\n\n\n\n<p>+33 (0)3 921 000 71<br><a>contact@dsidigit.fr<\/a><\/p>\n\n\n\n<h2 class=\"wp-block-heading\"><strong>DIRECTEUR DE LA PUBLICATION :<\/strong><\/h2>\n\n\n\n<p>David LEVY<\/p>\n\n\n\n<h2 class=\"wp-block-heading\">N\u00b0 DE SIRET :<\/h2>\n\n\n\n<p>RCS Strasbourg 950 771 469 00018<\/p>\n\n\n\n<h2 class=\"wp-block-heading\"><strong>CR\u00c9ATION DU SITE WEB ET H\u00c9BERGEMENT<\/strong><\/h2>\n\n\n\n<p>Les aspects techniques et graphiques de ce site ont \u00e9t\u00e9 con\u00e7us et r\u00e9alis\u00e9s par DSI &amp; Digit.<br>Image de fond <a href=\"http:\/\/www.freepik.com\">Designed by rawpixel.com \/ Freepik<\/a><\/p>\n\n\n\n<p>Le site est h\u00e9berg\u00e9 par&nbsp;:<\/p>\n\n\n\n<p>OVH SAS, filiale de OVH Groupe SA \u2013 , soci\u00e9t\u00e9 immatricul\u00e9e au RCS de Lille sous le num\u00e9ro 537 407 926 sise 2, rue Kellermann, 59100 Roubaix<\/p>\n\n\n\n<h2 class=\"wp-block-heading\"><strong>CLAUSE DE NON RESPONSABILIT\u00c9<\/strong><\/h2>\n\n\n\n<p>La responsabilit\u00e9 de la soci\u00e9t\u00e9 DSI &amp; Digit ne peut, en aucune mani\u00e8re, \u00eatre engag\u00e9e quant au contenu des informations figurant sur ce site ou aux cons\u00e9quences pouvant r\u00e9sulter de leur utilisation ou interpr\u00e9tation.<\/p>\n\n\n\n<h2 class=\"wp-block-heading\"><strong>PROPRI\u00c9T\u00c9 INTELLECTUELLE<\/strong><\/h2>\n\n\n\n<p>Le site de DSI &amp; Digit est la propri\u00e9t\u00e9 exclusive de la soci\u00e9t\u00e9 DSI &amp; Digit et est prot\u00e9g\u00e9 par la l\u00e9gislation fran\u00e7aise et internationale sur le droit de la propri\u00e9t\u00e9 intellectuelle. Aucune reproduction ou repr\u00e9sentation ne peut \u00eatre r\u00e9alis\u00e9e en contravention avec les droits de la soci\u00e9t\u00e9 DSI &amp; Digit issus de la l\u00e9gislation susvis\u00e9e.<\/p>\n\n\n\n<h2 class=\"wp-block-heading\"><strong>LIENS HYPERTEXTES<\/strong><\/h2>\n\n\n\n<p>Les sites externes accessibles gr\u00e2ce aux liens hypertextes pr\u00e9sents sur le site de DSI &amp; Digit ne rel\u00e8vent en aucun cas du contr\u00f4le ni de la responsabilit\u00e9 de la soci\u00e9t\u00e9 DSI &amp; Digit. La mise en place de liens hypertextes par des tiers vers des pages ou des documents du site de DSI &amp; Digit est autoris\u00e9e sous r\u00e9serve que les liens ne contreviennent pas aux int\u00e9r\u00eats de la soci\u00e9t\u00e9 DSI &amp; Digit et qu\u2019ils garantissent la possibilit\u00e9 pour l\u2019utilisateur d\u2019identifier l\u2019origine et l\u2019auteur du document.<\/p>\n\n\n\n<h2 class=\"wp-block-heading\"><strong>TEXTES ET PHOTOS<\/strong><\/h2>\n\n\n\n<p>Sauf mention contraire, les textes et images utilis\u00e9s pour la r\u00e9alisation de ce site sont la propri\u00e9t\u00e9 exclusive de la soci\u00e9t\u00e9 DSI &amp; Digit. Toute copie, totale ou partielle, ne peut se faire sans l\u2019accord de leur propri\u00e9taire.<\/p>\n","protected":false},"excerpt":{"rendered":"<p>EDITEUR DSI &amp; Digit67 A rue principale67150 DAUBENSAND +33 (0)3 921 000 71contact@dsidigit.fr DIRECTEUR DE LA PUBLICATION : David LEVY N\u00b0 DE<\/p>\n","protected":false},"author":1,"featured_media":0,"parent":0,"menu_order":0,"comment_status":"closed","ping_status":"closed","template":"","meta":{"footnotes":""},"class_list":["post-3","page","type-page","status-publish","hentry"],"yoast_head":"<!-- This site is optimized with the Yoast SEO plugin v27.4 - https:\/\/yoast.com\/product\/yoast-seo-wordpress\/ -->\n<title>Mentions l\u00e9gales - DSI &amp; Digit<\/title>\n<meta name=\"robots\" content=\"index, follow, max-snippet:-1, max-image-preview:large, max-video-preview:-1\" \/>\n<link rel=\"canonical\" href=\"https:\/\/dsidigit.fr\/index.php\/politique-de-confidentialite\/\" \/>\n<meta property=\"og:locale\" content=\"fr_FR\" \/>\n<meta property=\"og:type\" content=\"article\" \/>\n<meta property=\"og:title\" content=\"Mentions l\u00e9gales - DSI &amp; Digit\" \/>\n<meta property=\"og:description\" content=\"EDITEUR DSI &amp; Digit67 A rue principale67150 DAUBENSAND +33 (0)3 921 000 71contact@dsidigit.fr DIRECTEUR DE LA PUBLICATION : David LEVY N\u00b0 DE\" \/>\n<meta property=\"og:url\" content=\"https:\/\/dsidigit.fr\/index.php\/politique-de-confidentialite\/\" \/>\n<meta property=\"og:site_name\" content=\"DSI &amp; Digit\" \/>\n<meta property=\"article:modified_time\" content=\"2023-04-28T09:36:20+00:00\" \/>\n<meta name=\"twitter:card\" content=\"summary_large_image\" \/>\n<meta name=\"twitter:label1\" content=\"Dur\u00e9e de lecture estim\u00e9e\" \/>\n\t<meta name=\"twitter:data1\" content=\"2 minutes\" \/>\n<script type=\"application\/ld+json\" class=\"yoast-schema-graph\">{\"@context\":\"https:\\\/\\\/schema.org\",\"@graph\":[{\"@type\":\"WebPage\",\"@id\":\"https:\\\/\\\/dsidigit.fr\\\/index.php\\\/politique-de-confidentialite\\\/\",\"url\":\"https:\\\/\\\/dsidigit.fr\\\/index.php\\\/politique-de-confidentialite\\\/\",\"name\":\"Mentions l\u00e9gales - DSI &amp; Digit\",\"isPartOf\":{\"@id\":\"https:\\\/\\\/dsidigit.fr\\\/#website\"},\"datePublished\":\"2022-12-15T06:13:38+00:00\",\"dateModified\":\"2023-04-28T09:36:20+00:00\",\"breadcrumb\":{\"@id\":\"https:\\\/\\\/dsidigit.fr\\\/index.php\\\/politique-de-confidentialite\\\/#breadcrumb\"},\"inLanguage\":\"fr-FR\",\"potentialAction\":[{\"@type\":\"ReadAction\",\"target\":[\"https:\\\/\\\/dsidigit.fr\\\/index.php\\\/politique-de-confidentialite\\\/\"]}]},{\"@type\":\"BreadcrumbList\",\"@id\":\"https:\\\/\\\/dsidigit.fr\\\/index.php\\\/politique-de-confidentialite\\\/#breadcrumb\",\"itemListElement\":[{\"@type\":\"ListItem\",\"position\":1,\"name\":\"Accueil\",\"item\":\"https:\\\/\\\/dsidigit.fr\\\/\"},{\"@type\":\"ListItem\",\"position\":2,\"name\":\"Mentions l\u00e9gales\"}]},{\"@type\":\"WebSite\",\"@id\":\"https:\\\/\\\/dsidigit.fr\\\/#website\",\"url\":\"https:\\\/\\\/dsidigit.fr\\\/\",\"name\":\"DSI & Digit\",\"description\":\"Le Conseil en Informatique\",\"potentialAction\":[{\"@type\":\"SearchAction\",\"target\":{\"@type\":\"EntryPoint\",\"urlTemplate\":\"https:\\\/\\\/dsidigit.fr\\\/?s={search_term_string}\"},\"query-input\":{\"@type\":\"PropertyValueSpecification\",\"valueRequired\":true,\"valueName\":\"search_term_string\"}}],\"inLanguage\":\"fr-FR\"}]}<\/script>\n<!-- \/ Yoast SEO plugin. -->","yoast_head_json":{"title":"Mentions l\u00e9gales - DSI &amp; Digit","robots":{"index":"index","follow":"follow","max-snippet":"max-snippet:-1","max-image-preview":"max-image-preview:large","max-video-preview":"max-video-preview:-1"},"canonical":"https:\/\/dsidigit.fr\/index.php\/politique-de-confidentialite\/","og_locale":"fr_FR","og_type":"article","og_title":"Mentions l\u00e9gales - DSI &amp; Digit","og_description":"EDITEUR DSI &amp; Digit67 A rue principale67150 DAUBENSAND +33 (0)3 921 000 71contact@dsidigit.fr DIRECTEUR DE LA PUBLICATION : David LEVY N\u00b0 DE","og_url":"https:\/\/dsidigit.fr\/index.php\/politique-de-confidentialite\/","og_site_name":"DSI &amp; Digit","article_modified_time":"2023-04-28T09:36:20+00:00","twitter_card":"summary_large_image","twitter_misc":{"Dur\u00e9e de lecture estim\u00e9e":"2 minutes"},"schema":{"@context":"https:\/\/schema.org","@graph":[{"@type":"WebPage","@id":"https:\/\/dsidigit.fr\/index.php\/politique-de-confidentialite\/","url":"https:\/\/dsidigit.fr\/index.php\/politique-de-confidentialite\/","name":"Mentions l\u00e9gales - DSI &amp; Digit","isPartOf":{"@id":"https:\/\/dsidigit.fr\/#website"},"datePublished":"2022-12-15T06:13:38+00:00","dateModified":"2023-04-28T09:36:20+00:00","breadcrumb":{"@id":"https:\/\/dsidigit.fr\/index.php\/politique-de-confidentialite\/#breadcrumb"},"inLanguage":"fr-FR","potentialAction":[{"@type":"ReadAction","target":["https:\/\/dsidigit.fr\/index.php\/politique-de-confidentialite\/"]}]},{"@type":"BreadcrumbList","@id":"https:\/\/dsidigit.fr\/index.php\/politique-de-confidentialite\/#breadcrumb","itemListElement":[{"@type":"ListItem","position":1,"name":"Accueil","item":"https:\/\/dsidigit.fr\/"},{"@type":"ListItem","position":2,"name":"Mentions l\u00e9gales"}]},{"@type":"WebSite","@id":"https:\/\/dsidigit.fr\/#website","url":"https:\/\/dsidigit.fr\/","name":"DSI & Digit","description":"Le Conseil en Informatique","potentialAction":[{"@type":"SearchAction","target":{"@type":"EntryPoint","urlTemplate":"https:\/\/dsidigit.fr\/?s={search_term_string}"},"query-input":{"@type":"PropertyValueSpecification","valueRequired":true,"valueName":"search_term_string"}}],"inLanguage":"fr-FR"}]}},"_links":{"self":[{"href":"https:\/\/dsidigit.fr\/index.php\/wp-json\/wp\/v2\/pages\/3","targetHints":{"allow":["GET"]}}],"collection":[{"href":"https:\/\/dsidigit.fr\/index.php\/wp-json\/wp\/v2\/pages"}],"about":[{"href":"https:\/\/dsidigit.fr\/index.php\/wp-json\/wp\/v2\/types\/page"}],"author":[{"embeddable":true,"href":"https:\/\/dsidigit.fr\/index.php\/wp-json\/wp\/v2\/users\/1"}],"replies":[{"embeddable":true,"href":"https:\/\/dsidigit.fr\/index.php\/wp-json\/wp\/v2\/comments?post=3"}],"version-history":[{"count":7,"href":"https:\/\/dsidigit.fr\/index.php\/wp-json\/wp\/v2\/pages\/3\/revisions"}],"predecessor-version":[{"id":347,"href":"https:\/\/dsidigit.fr\/index.php\/wp-json\/wp\/v2\/pages\/3\/revisions\/347"}],"wp:attachment":[{"href":"https:\/\/dsidigit.fr\/index.php\/wp-json\/wp\/v2\/media?parent=3"}],"curies":[{"name":"wp","href":"https:\/\/api.w.org\/{rel}","templated":true}]}}